 the prime factors of 26744492.
2, 23, 290701
What are the prime factors of 516211826?
2, 13, 19854301
List the prime factors of 1562656.
2, 47, 1039
List the prime factors of 1275760584.
2, 3, 7, 843757
List the prime factors of 1571657178.
2, 3, 7, 13, 1061, 2713
List the prime factors of 59943402.
2, 3, 370021
What are the prime factors of 59272761?
3, 17, 19, 61169
What are the prime factors of 481070833?
481070833
What are the prime factors of 105931102?
2, 43, 1231757
List the prime factors of 2386858875.
3, 5, 6364957
List the prime factors of 5917547338.
2, 2958773669
What are the prime factors of 95600830?
2, 5, 13, 735391
What are the prime factors of 36611114?
2, 41, 446477
What are the prime factors of 1247981544?
2, 3, 17333077
What are the prime factors of 74106765?
3, 5, 61, 8999
What are the prime factors of 688705225?
5, 13, 2119093
What are the prime factors of 3213759386?
2, 67, 337, 71167
What are the prime factors of 899977220?
2, 5, 44998861
List the prime factors of 1094365762.
2, 7, 19, 4114157
List the prime factors of 67688844.
2, 3, 53, 71, 1499
What are the prime factors of 29436075?
3, 5, 43609
List the prime factors of 111204697.
277, 593, 677
List the prime factors of 355980196.
2, 11, 13, 233, 2671
List the prime factors of 21360958.
2, 1733, 6163
List the prime factors of 91169920.
2, 5, 142453
List the prime factors of 60286472.
2, 7535809
What are the prime factors of 18872735?
5, 7, 151, 3571
What are the prime factors of 50909315?
5, 10181863
What are the prime factors of 31681520?
2, 5, 13, 41, 743
What are the prime factors of 2382648583?
7, 17, 19, 449, 2347
What are the prime factors of 407120989?
11, 307, 120557
What are the prime factors of 2673634121?
8263, 323567
List the prime factors of 33374104.
2, 23, 31, 5851
List the prime factors of 1642278800.
2, 5, 107, 38371
List the prime factors of 71568920.
2, 5, 1789223
What are the prime factors of 265336353?
3, 107, 275531
What are the prime factors of 34482249?
3, 89, 43049
List the prime factors of 1784676666.
2, 3, 101, 131, 22481
List the prime factors of 25332427.
197, 128591
List the prime factors of 30320185.
5, 7, 73, 11867
List the prime factors of 126278351.
19, 251, 26479
What are the prime factors of 80064579?
3, 7, 151, 3607
List the prime factors of 284146195.
5, 41, 1386079
List the prime factors of 49251675.
3, 5, 11, 59699
What are the prime factors of 531379791?
3, 47, 418739
List the prime factors of 69497949.
3, 29, 193, 4139
What are the prime factors of 338875375?
5, 53, 51151
List the prime factors of 104651153.
1193, 87721
What are the prime factors of 1080899247?
3, 73, 4935613
What are the prime factors of 680964866?
2, 149, 199, 11483
List the prime factors of 60809777.
7, 101, 86011
What are the prime factors of 3661160066?
2, 2053, 891661
What are the prime factors of 760064128?
2, 5938001
List the prime factors of 5410751360.
2, 5, 7, 1207757
What are the prime factors of 221375992?
2, 19, 197, 7393
List the prime factors of 114531073.
67, 131, 13049
List the prime factors of 256763364.
2, 3, 11, 13, 149629
List the prime factors of 1054720590.
2, 3, 5, 7, 11, 19, 3433
List the prime factors of 195643026.
2, 3, 79, 15287
What are the prime factors of 7069443388?
2, 7, 13721, 18401
List the prime factors of 40316653.
13, 41, 75641
List the prime factors of 61443591.
3, 11, 1861927
What are the prime factors of 1036634152?
2, 129579269
What are the prime factors of 32149891?
32149891
List the prime factors of 403372494.
2, 3, 7, 269, 3967
What are the prime factors of 22773868?
2, 13, 437959
List the prime factors of 5853433739.
5853433739
List the prime factors of 22007719.
19, 1158301
List the prime factors of 155057885.
5, 31011577
List the prime factors of 2631628136.
2, 19, 47, 368369
List the prime factors of 199664445.
3, 5, 19, 700577
What are the prime factors of 121419842?
2, 19, 3195259
List the prime factors of 221600087.
221600087
What are the prime factors of 18012654?
2, 3, 11, 29, 3137
What are the prime factors of 60621178?
2, 317, 95617
What are the prime factors of 4787390445?
3, 5, 11717, 27239
What are the prime factors of 270801007?
17, 2293, 6947
What are the prime factors of 318659443?
103, 673, 4597
What are the prime factors of 28718836?
2, 7179709
List the prime factors of 19574719.
19574719
What are the prime factors of 78283162?
2, 39141581
What are the prime factors of 263473593?
3, 887, 99013
List the prime factors of 77739264.
2, 3, 23, 163
List the prime factors of 914634766.
2, 2447, 186889
List the prime factors of 93061567.
93061567
What are the prime factors of 1683028327?
197, 1709, 4999
List the prime factors of 2481113018.
2, 137, 9055157
What are the prime factors of 412124169?
3, 41, 43, 67, 1163
List the prime factors of 512075758.
2, 256037879
List the prime factors of 2342084161.
313, 7482697
List the prime factors of 253273243.
257, 985499
List the prime factors of 101760144.
2, 3, 659, 3217
What are the prime factors of 272451022?
2, 136225511
List the prime factors of 1085891927.
61, 17801507
List the prime factors of 75389293.
7, 163, 9439
List the prime factors of 131382499.
29, 4530431
What are the prime factors of 21425263?
97, 220879
List the prime factors of 39515421.
3, 11, 19, 31, 107
List the prime factors of 77531260.
2, 5, 1459, 2657
List the prime factors of 38623847.
17, 43, 52837
What are the prime factors of 91975804?
2, 23, 47, 89, 239
What are the prime factors of 100789011?
3, 101, 110879
List the prime factors of 328921350.
2, 3, 5, 19, 131, 881
What are the prime factors of 26352418?
2, 31, 425039
What are the prime factors of 2248911313?
11, 204446483
List the prime factors of 89675301.
3, 29891767
List the prime factors of 114634558.
2, 57317279
List the prime factors of 6189388449.
3, 2063129483
List the prime factors of 49023993.
3, 53, 308327
What are the prime factors of 11982100?
2, 5, 13, 709
List the prime factors of 1839015634.
2, 107, 8593531
What are the prime factors of 287197961?
287197961
List the prime factors of 237903237.
3, 11, 13, 19, 23, 47
What are the prime factors of 136277303?
1553, 87751
List the prime factors of 26562246.
2, 3, 4427041
List the prime factors of 5727959498.
2, 17, 168469397
List the prime factors of 80559219.
3, 13, 41, 83, 607
What are the prime factors of 125052612?
2, 3, 17, 107, 337
List the prime factors of 3255641.
3255641
List the prime factors of 414971706.
2, 3, 3229, 21419
What are the prime factors of 81440136?
2, 3, 1131113
List the prime factors of 3037493412.
2, 3, 28124939
List the prime factors of 11170918.
2, 11, 293, 1733
What are the prime factors of 389571519?
3, 129857173
List the prime factors of 97354202.
2, 11, 47, 94153
List the prime factors of 477394674.
2, 3, 211, 557, 677
What are the prime factors of 24690310?
2, 5, 19, 29, 4481
List the prime factors of 174281124.
2, 3, 863, 16829
What are the prime factors of 23555136?
2, 3, 11, 19, 587
What are the prime factors of 444451075?
5, 17778043
What are the prime factors of 264829157?
264829157
List the prime factors of 103623839.
11, 97, 97117
What are the prime factors of 911977924?
2, 11, 13, 37, 41, 1051
What are the prime factors of 34794606?
2, 3, 7, 11, 29, 53
What are the prime factors of 738752826?
2, 3, 7, 17589353
List the prime factors of 4031038789.
4031038789
List the prime factors of 197625472.
2, 11, 97, 1447
What are the prime factors of 60721691?
79, 768629
What are the prime factors of 86090903?
719, 119737
What are the prime factors of 39483990?
2, 3, 5, 7, 13, 1607
List the prime factors of 1179148791.
3, 393049597
What are the prime factors of 6249342914?
2, 3124671457
List the prime factors of 434148789.
3, 144716263
What are the prime factors of 6068485971?
3, 17, 39663307
List the prime factors of 33748563.
3, 79, 157, 907
List the prime factors of 333842538.
2, 3, 2287, 24329
What are the prime factors of 530051090?
2, 5, 53005109
What are the prime factors of 1134890783?
13, 41, 59, 151, 239
List the prime factors of 5574708876.
2, 3, 11, 42232643
What are the prime factors of 31202613?
3, 13, 266689
List the prime factors of 3794943.
3, 1264981
What are the prime factors of 260525657?
7, 691, 53861
What ar